pose -y + 4 = b. What is the units digit of y?
2
Let q(k) = 511*k**3 + 3*k**2 - 2*k. What is the tens digit of q(1)?
1
Let b(v) = -v**3 + 17*v**2 + 9*v - 22. What is the units digit of b(17)?
1
Suppose -4*a + 5*y + 821 = -33, 3*a + 3*y - 654 = 0. What is the units digit of a?
6
What is the hundreds digit of (-760)/(27/(-24) - 9/(-72))?
7
Suppose -5*l + 345 = 5*r, -2*r = -l - 0*l + 78. Suppose 4*s + 2*s = l. What is the tens digit of s?
1
Suppose -2*j - 15 = 1. Let g = j + 76. Suppose 0 = 3*y + 4*w - g, y - 18 = -0*y + w. What is the units digit of y?
0
Suppose -10 = 9*t - 14*t, 0 = 4*k + 3*t - 2234. What is the units digit of k?
7
Let k(z) = -12*z**3 - 7*z**3 + 1 - 4*z**2 + 17*z**3 + z**2. Suppose -3 = 4*h + 9. What is the tens digit of k(h)?
2
Let x(w) = 12*w**2 + 20*w - 79. What is the tens digit of x(7)?
4
Let b(i) = 7*i - 21. Let l(n) = 2*n**2 + 4*n + 1. Let r be l(-3). What is the tens digit of b(r)?
2
Let m(i) = -7 + 9 - 7 + i. Let g be m(6). What is the units digit of g + (-22)/(-2 + 0)?
2
Let d be (-2 - 1*-6)*1. What is the tens digit of (-34*(-6)/d)/1?
5
Suppose -3*b + 2302 = 2*a, 4*b - 3077 = -71*a + 76*a. What is the units digit of b?
8
Let v = -5 + 10. Suppose -n = -v*n + 112. What is the units digit of (n/(-8) + -1)*-2?
9
Suppose -50*y = -45*y - 6690. What is the thousands digit of y?
1
Suppose -c + 5*g + 885 = 0, 4*g = 5*c - 275 - 4045. What is the units digit of (7/((-35)/c))/(-1)?
2
Let h(p) = 5*p + 4. Let s be h(2). Suppose 18*b = s*b + 88. What is the tens digit of b?
2
Let q(m) = 2*m**3 + 4*m**2 - 2*m - 18. What is the units digit of q(6)?
6
Let y be ((-123)/6)/((-5)/10). What is the tens digit of (-1*y)/((-5)/5)?
4
Suppose 3*l - 7*l = 0. Suppose 2*s + 44 = 2*i, 3*s - 70 = -5*i - l*s. What is the units digit of i?
7
Let o(n) = 3*n - 3. Suppose -l = 82 + 26. Let f be l/(-6)*3/6. What is the tens digit of o(f)?
2
Suppose 0 = h - 0*h - 5. Let f(n) = h*n**3 - 3*n - 1 - 3 + 6*n**2 - 4*n**3 + 0. What is the tens digit of f(-6)?
1
Suppose -2*p + 5*j = -5*p + 1306, 2*p - 866 = -j. Suppose -4*a - 2*m = -a - p, 5*a + 3*m - 721 = 0. Suppose -5*g + 164 = -a. What is the units digit of g?
2
Suppose 0 = 4*m + 2*z - 1 - 3, 12 = 3*m - 3*z. Suppose 41 = 3*x - 0*x + c, 2*c - 30 = -m*x. What is the tens digit of x?
1
Suppose 0 = -13*t + 15*t - 750. What is the units digit of t?
5
Let b(l) = -2*l - 6. Let c = -11 - -6. Let j be b(c). Suppose 3*z - 58 = -5*u, 0 = -j*z + 3*u - 2*u + 62. What is the tens digit of z?
1
Let l be 7 + 4 - ((-1)/(-1) - -2). Suppose 3*k - l*k + 365 = 0. What is the units digit of k?
3
Suppose -3*s - 3*p = -2694, 6*p = 2*s + 2*p - 1826. What is the units digit of s?
3
Let i(d) = d**3 + 9*d**2 + 6*d + 5. Let o be i(-6). What is the units digit of 0 + (o - 4/1)?
3
Let o(z) = z**3 + 4*z**2 + 2. Let t be o(-4). Let m be (8 - t)*3/6. Suppose j + m*j = 204. What is the tens digit of j?
5
Let a = 276 + 583. What is the hundreds digit of a?
8
Let z be (-2)/3 - (-4)/6. Let b = z + -10. Let q = b - -29. What is the tens digit of q?
1
Let u = 3122 + -1229. What is the thousands digit of u?
1
Let d(m) = -3*m + 3 + m - 12. Let r be d(0). Let p(o) = -2*o + 1. What is the tens digit of p(r)?
1
Let z(v) = -95*v - 91. What is the hundreds digit of z(-10)?
8
Suppose -4*d + 3079 = -g, -d + 5*g = 2*d - 2288. What is the hundreds digit of d?
7
Let t(s) be the third derivative of s**8/10080 - s**6/720 + s**5/12 + 4*s**2. Let r(x) be the third derivative of t(x). What is the units digit of r(2)?
7
Let y(i) = i - 5. Suppose 4 = -u - 0*u. Let n(o) = -o**3 - 5*o**2 - 6*o. Let a be n(u). What is the units digit of y(a)?
3
Let w be (-10 - -9) + 5 + -1. Let j(c) = -5*c + 6. Let r(n) = -6*n + 7. Let v(i) = w*j(i) - 2*r(i). What is the units digit of v(-5)?
9
Let o = 60 - 43. Suppose 0 = v + o - 169. Suppose -v = -w - 3*w. What is the tens digit of w?
3
Suppose -11781 = -3*y + i, -4*i - 5138 = 3*y - 16919. What is the hundreds digit of y?
9
Let r = -14 + 18. Suppose -r*k - 164 = -4*g, k + 4 = -k. Let j = -23 + g. What is the tens digit of j?
1
Let g(q) = -q**3 - 7*q**2 - 6*q + 2. Let l be g(-6). Suppose l*z + 5 = -3*z. Let s = 14 - z. What is the tens digit of s?
1
Let z(v) be the third derivative of -v**6/120 - 7*v**5/60 - v**4/6 - 11*v**3/6 + 9*v**2. What is the units digit of z(-8)?
5
Let w(c) be the first derivative of -c**3/3 + 11*c**2/2 + 4*c + 13. Let r be -4*((2 - 1) + -2). What is the tens digit of w(r)?
3
Suppose -5 - 1467 = -8*t. What is the hundreds digit of t?
1
Let s(y) = -6*y**3 + 17*y**2 + 9*y + 28. What is the units digit of s(-6)?
2
Let s(j) = -5*j + 1. Let r be s(1). Let x be (2 - (2 + r))/1. Suppose x*v - 78 = 5*p, 26 = 3*v - v + 4*p. What is the tens digit of v?
1
What is the units digit of 1*6 + 28 + 2886?
0
Suppose -24*t + 967 = -2129. What is the units digit of t?
9
Let h = 2327 + -1306. What is the units digit of h?
1
Suppose 8*h + 3*h = -11. What is the hundreds digit of (h + 242)*(3 + -2)?
2
Suppose -624 = -4*t - 24. Suppose -3*w - 5*l + t + 367 = 0, -4*w - l + 661 = 0. What is the hundreds digit of w?
1
What is the hundreds digit of 8/28 - 185843/(-49)?
7
Suppose 0 = j + 2 + 3. Let w = -8 - j. Let o = 8 - w. What is the units digit of o?
1
What is the tens digit of 0 + (-63)/147 - 16764/(-14)?
9
Let r = -7 + 11. Suppose -1 = x - r. Suppose 8 = 2*s + x*k - 93, 187 = 4*s + k. What is the units digit of s?
6
Let l = 372 + 1094. What is the units digit of l?
6
Let n(x) = 203*x**2 + 1. What is the units digit of n(-1)?
4
Suppose v - 5*u + 0*u = -20, -4*u = 2*v - 30. Suppose -147 = t + 3*a - 349, v*t - 1021 = -4*a. What is the units digit of t?
5
Let c = -4 - -34. Let p be (-2)/4 + c/(-20). What is the units digit of (-170)/(-15) + p/(-3)?
2
What is the units digit of 3*-4*(-2)/24 + 1234?
5
Suppose -n - 2*q = -322, 4*n = -5*q - 0*q + 1297. What is the units digit of n?
8
Let g(k) = -k**3 - 20*k**2 + 21*k - 43. What is the units digit of g(-22)?
3
Suppose -2210 = -9*z + 7015. What is the tens digit of z?
2
Let g be (-6)/15 + 26/(-10). Let x be 4 + 5 + g - 2. Suppose -x*h + 4*j = -54 - 74, -4*j = h - 57. What is the units digit of h?
7
Let v(i) = i**3 + 10*i**2 + 3*i - 10. Let b = -34 - -25. What is the tens digit of v(b)?
4
Let c(j) = -14*j**3 + 3*j**2 - 29*j + 29. Let f(w) = 5*w**3 - w**2 + 10*w - 10. Let b(a) = 4*c(a) + 11*f(a). What is the tens digit of b(-5)?
8
What is the hundreds digit of (-231)/(12/300*-5)?
1
Suppose -11*q + 5*q = -24. Suppose -q*s + 0*s = -128. What is the tens digit of s?
3
Suppose -77 = -d - 0*d. Suppose -j - 53 = 5*s + d, 4*s + 104 = 3*j. Let t = s - -49. What is the units digit of t?
3
What is the hundreds digit of (52/8)/((3 - -2)/490)?
6
Let j(o) = -o**3 - 2 + 6 + 2 + 0 - 11*o**2. Let x be j(-11). Let b = 2 + x. What is the units digit of b?
8
Let d be 3 - (4 - 2 - 3). Let m = -32 + 20. What is the tens digit of d*((-651)/m)/7?
3
Suppose -6*l + 2*l - 144 = 0. Let b = -13 - l. What is the units digit of b?
3
What is the tens digit of (-12)/126*-21 - (-3739 - 0)?
4
What is the hundreds digit of (16/12)/((-4)/(-9327)) - -3?
1
Suppose 4*x = -4*v + 48, 4*x + 2*v - 42 = 2. Suppose 2*k = -2*q - 3 + 563, 4*k - 1100 = q. What is the tens digit of k/x + (-33)/55?
2
Let u(f) = 67*f**2 + 3*f + 3. Let s(z) = 402*z**2 + 19*z + 19. Let v(p) = -6*s(p) + 39*u(p). What is the units digit of v(-1)?
1
Suppose -2*l = 8, -2*x = -0*x - 2*l - 588. What is the units digit of x?
0
Let t be (3/(-9))/((-1)/237). Let q = -36 + t. What is the tens digit of q?
4
Let n = 988 + -385. What is the units digit of n?
3
Let b = 1 - -7. What is the tens digit of (b - 9)/(2/(-50))?
2
Suppose -r - 3*g = 6, -4*r + 3*g = -0*r - 21. Suppose -4*c + 8 = 3*h - 50, -r*h + 5*c = -22. What is the units digit of h?
4
Suppose -4*k = 6*m - 7*m + 168, 5*k - 159 = -m. Suppose -1 = 2*j - 11. Suppose -j*u + m = -u. What is the tens digit of u?
4
Suppose -p + 6 = 2*p. Suppose -2*u - 13 = -5*u + i, -u - p*i = -9. Suppose 3*b - 120 = -u*d - 0*b, -120 = -5*d - 4*b. What is the units digit of d?
4
Let q = 15 - 8. Let w(h) = h**2 + 4*h - 13. What is the tens digit of w(q)?
6
Let q = 43 + -26. Let z = q + -45. What is the tens digit of 8/z - 764/(-28)?
2
Let t be (-4)/(-7) - 10/(-7). Suppose 0 = -6*d + d + 100. Let a = d - t. What is the units digit of a?
8
